{"id":10698,"date":"2026-03-30T01:39:32","date_gmt":"2026-03-29T23:39:32","guid":{"rendered":"https:\/\/badaskin.com\/?post_type=product&#038;p=10698"},"modified":"2026-07-16T23:44:15","modified_gmt":"2026-07-16T21:44:15","slug":"medicube-kojic-acid-turmeric-brightening-gel","status":"publish","type":"product","link":"https:\/\/badaskin.com\/ca\/producte\/medicube-kojic-acid-turmeric-brightening-gel\/","title":{"rendered":"MEDICUBE &#8211; Kojic Acid Turmeric Brightening Gel Mask Set &#8211; 4un"},"content":{"rendered":"<p data-start=\"560\" data-end=\"957\">El <strong data-start=\"590\" data-end=\"638\">Kojic Acid Turmeric Brightening Gel Mask Set<\/strong> de Medicube es un pack de <strong data-start=\"665\" data-end=\"712\">4 mascarillas de hidrogel de larga duraci\u00f3n<\/strong> dise\u00f1adas para mejorar la luminosidad, unificar el tono y revitalizar la piel apagada. Su f\u00f3rmula combina <strong data-start=\"819\" data-end=\"835\">\u00e1cido k\u00f3jico<\/strong> i <strong data-start=\"838\" data-end=\"849\">c\u00farcuma<\/strong>, ingredientes conocidos por ayudar a potenciar el brillo natural de la piel y mejorar su aspecto general.<\/p>\n<p data-start=\"959\" data-end=\"1263\">A diferencia de las mascarillas tradicionales, su formato <strong data-start=\"1017\" data-end=\"1048\">hidrogel de alta adherencia<\/strong> permite llevarla durante varias horas, favoreciendo una absorci\u00f3n progresiva de los activos. A medida que act\u00faa, la mascarilla se vuelve m\u00e1s fina y transparente, indicando que la piel ha absorbido sus beneficios.<\/p>\n<p data-start=\"1265\" data-end=\"1494\">Proporciona un efecto refrescante inmediato, hidrata en profundidad y deja la piel m\u00e1s suave, jugosa y luminosa. Es ideal tanto como tratamiento intensivo como para momentos en los que la piel necesita un extra de cuidado y glow.<\/p>\n<p data-start=\"1496\" data-end=\"1526\">\u2728 <strong data-start=\"1498\" data-end=\"1524\">Beneficis principals<\/strong><\/p>\n<ul data-start=\"1527\" data-end=\"1907\">\n<li data-section-id=\"1jotsfm\" data-start=\"1527\" data-end=\"1579\">Aporta <strong data-start=\"1536\" data-end=\"1551\">lluminositat<\/strong> y efecto glow progresivo.<\/li>\n<li data-section-id=\"xnt0b4\" data-start=\"1580\" data-end=\"1629\">Formulada amb <strong data-start=\"1596\" data-end=\"1612\">\u00e1cido k\u00f3jico<\/strong> i <strong data-start=\"1615\" data-end=\"1626\">c\u00farcuma<\/strong>.<\/li>\n<li data-section-id=\"1xsi3i5\" data-start=\"1630\" data-end=\"1679\">Mejora el tono desigual y el aspecto apagado.<\/li>\n<li data-section-id=\"14yzueg\" data-start=\"1680\" data-end=\"1749\"><strong data-start=\"1682\" data-end=\"1714\">Mascarilla de larga duraci\u00f3n<\/strong> para mayor absorci\u00f3n de activos.<\/li>\n<li data-section-id=\"xp001f\" data-start=\"1750\" data-end=\"1798\">Hidrataci\u00f3n profunda con efecto refrescante.<\/li>\n<li data-section-id=\"1qbmtsi\" data-start=\"1799\" data-end=\"1858\">Textura hidrogel que se adapta perfectamente al rostro.<\/li>\n<li data-section-id=\"tsaa6u\" data-start=\"1859\" data-end=\"1907\">Ideal como tratamiento intensivo o pre-evento.<\/li>\n<\/ul>\n<p data-start=\"1909\" data-end=\"1932\"><strong data-start=\"1915\" data-end=\"1930\">\u00das d&#039;\u00fas<\/strong><\/p>\n<ol data-start=\"1933\" data-end=\"2276\">\n<li data-section-id=\"1untpxm\" data-start=\"1933\" data-end=\"1976\">Aplicar sobre el rostro limpio y seco.<\/li>\n<li data-section-id=\"1rq8xwy\" data-start=\"1977\" data-end=\"2023\">Ajustar correctamente al contorno facial.<\/li>\n<li data-section-id=\"70zmlb\" data-start=\"2024\" data-end=\"2121\">Dejar actuar <strong data-start=\"2040\" data-end=\"2060\">m\u00ednimo 1\u20132 horas<\/strong> o hasta que la mascarilla se vuelva m\u00e1s fina\/transparente.<\/li>\n<li data-section-id=\"1xte15r\" data-start=\"2122\" data-end=\"2183\">Retirar y masajear el exceso de esencia si es necesario.<\/li>\n<li data-section-id=\"vs0tf\" data-start=\"2184\" data-end=\"2276\"><strong data-start=\"2187\" data-end=\"2195\">Tipus:<\/strong> tambi\u00e9n puedes usarla durante <strong data-start=\"2226\" data-end=\"2245\">3\u20134 horas o m\u00e1s<\/strong> para un tratamiento intensivo.<\/li>\n<\/ol>","protected":false},"excerpt":{"rendered":"<p>Mascarilla hidrogel de <strong data-start=\"2327\" data-end=\"2345\">larga duraci\u00f3n<\/strong> con \u00e1cido k\u00f3jico y c\u00farcuma que ilumina, hidrata y mejora el tono dejando la piel radiante.<\/p>\n<p data-start=\"2278\" data-end=\"2464\"><strong data-start=\"2443\" data-end=\"2462\">Tipus de pells:<\/strong><\/p>\n<ul data-start=\"2465\" data-end=\"2524\">\n<li data-section-id=\"1if3fgt\" data-start=\"2465\" data-end=\"2477\">Normals<\/li>\n<li data-section-id=\"1vem20f\" data-start=\"2478\" data-end=\"2487\">Seques<\/li>\n<li data-section-id=\"1koqes2\" data-start=\"2488\" data-end=\"2498\">Mixtes<\/li>\n<li data-section-id=\"z4uedu\" data-start=\"2499\" data-end=\"2512\">Sensibles<\/li>\n<\/ul>","protected":false},"featured_media":10699,"comment_status":"open","ping_status":"closed","template":"","meta":{"site-sidebar-layout":"default","site-content-layout":"","ast-site-content-layout":"default","site-content-style":"default","site-sidebar-style":"default","ast-global-header-display":"","ast-banner-title-visibility":"","ast-main-header-display":"","ast-hfb-above-header-display":"","ast-hfb-below-header-display":"","ast-hfb-mobile-header-display":"","site-post-title":"","ast-breadcrumbs-content":"","ast-featured-img":"","footer-sml-layout":"","theme-transparent-header-meta":"default","adv-header-id-meta":"","stick-header-meta":"","header-above-stick-meta":"","header-main-stick-meta":"","header-below-stick-meta":"","astra-migrate-meta-layouts":"set","ast-page-background-enabled":"default","ast-page-background-meta":{"desktop":{"background-color":"","background-image":"","background-repeat":"repeat","background-position":"center center","background-size":"auto","background-attachment":"scroll","background-type":"","background-media":"","overlay-type":"","overlay-color":"","overlay-opacity":"","overlay-gradient":""},"tablet":{"background-color":"","background-image":"","background-repeat":"repeat","background-position":"center center","background-size":"auto","background-attachment":"scroll","background-type":"","background-media":"","overlay-type":"","overlay-color":"","overlay-opacity":"","overlay-gradient":""},"mobile":{"background-color":"","background-image":"","background-repeat":"repeat","background-position":"center center","background-size":"auto","background-attachment":"scroll","background-type":"","background-media":"","overlay-type":"","overlay-color":"","overlay-opacity":"","overlay-gradient":""}},"ast-content-background-meta":{"desktop":{"background-color":"var(--ast-global-color-5)","background-image":"","background-repeat":"repeat","background-position":"center center","background-size":"auto","background-attachment":"scroll","background-type":"","background-media":"","overlay-type":"","overlay-color":"","overlay-opacity":"","overlay-gradient":""},"tablet":{"background-color":"var(--ast-global-color-5)","background-image":"","background-repeat":"repeat","background-position":"center center","background-size":"auto","background-attachment":"scroll","background-type":"","background-media":"","overlay-type":"","overlay-color":"","overlay-opacity":"","overlay-gradient":""},"mobile":{"background-color":"var(--ast-global-color-5)","background-image":"","background-repeat":"repeat","background-position":"center center","background-size":"auto","background-attachment":"scroll","background-type":"","background-media":"","overlay-type":"","overlay-color":"","overlay-opacity":"","overlay-gradient":""}}},"product_brand":[97],"product_cat":[68],"product_tag":[159,158,69,98],"class_list":{"0":"post-10698","1":"product","2":"type-product","3":"status-publish","4":"has-post-thumbnail","6":"product_brand-medicube","7":"product_cat-mascarillas-faciales","8":"product_tag-gel-mask","9":"product_tag-kojic","10":"product_tag-mascarilla","11":"product_tag-medicube","12":"pa_necesidad-especifica-manchas","13":"pa_necesidad-especifica-opacidad","14":"pa_necesidad-especifica-pigmentacion","15":"pa_skin-type-mixta","16":"pa_skin-type-normal","17":"pa_skin-type-seca","18":"pa_skin-type-sensible","19":"desktop-align-center","20":"tablet-align-center","21":"mobile-align-center","23":"first","24":"instock","25":"sale","26":"taxable","27":"shipping-taxable","28":"purchasable","29":"product-type-simple"},"_links":{"self":[{"href":"https:\/\/badaskin.com\/ca\/wp-json\/wp\/v2\/product\/10698","targetHints":{"allow":["GET"]}}],"collection":[{"href":"https:\/\/badaskin.com\/ca\/wp-json\/wp\/v2\/product"}],"about":[{"href":"https:\/\/badaskin.com\/ca\/wp-json\/wp\/v2\/types\/product"}],"replies":[{"embeddable":true,"href":"https:\/\/badaskin.com\/ca\/wp-json\/wp\/v2\/comments?post=10698"}],"wp:featuredmedia":[{"embeddable":true,"href":"https:\/\/badaskin.com\/ca\/wp-json\/wp\/v2\/media\/10699"}],"wp:attachment":[{"href":"https:\/\/badaskin.com\/ca\/wp-json\/wp\/v2\/media?parent=10698"}],"wp:term":[{"taxonomy":"product_brand","embeddable":true,"href":"https:\/\/badaskin.com\/ca\/wp-json\/wp\/v2\/product_brand?post=10698"},{"taxonomy":"product_cat","embeddable":true,"href":"https:\/\/badaskin.com\/ca\/wp-json\/wp\/v2\/product_cat?post=10698"},{"taxonomy":"product_tag","embeddable":true,"href":"https:\/\/badaskin.com\/ca\/wp-json\/wp\/v2\/product_tag?post=10698"}],"curies":[{"name":"wp","href":"https:\/\/api.w.org\/{rel}","templated":true}]}}

<p data-start="560" data-end="957">El <strong data-start="590" data-end="638">Kojic Acid Turmeric Brightening Gel Mask Set</strong> de Medicube es un pack de <strong data-start="665" data-end="712">4 mascarillas de hidrogel de larga duración</strong> diseñadas para mejorar la luminosidad, unificar el tono y revitalizar la piel apagada. Su fórmula combina <strong data-start="819" data-end="835">ácido kójico</strong> i <strong data-start="838" data-end="849">cúrcuma</strong>, ingredientes conocidos por ayudar a potenciar el brillo natural de la piel y mejorar su aspecto general.</p>
<p data-start="959" data-end="1263">A diferencia de las mascarillas tradicionales, su formato <strong data-start="1017" data-end="1048">hidrogel de alta adherencia</strong> permite llevarla durante varias horas, favoreciendo una absorción progresiva de los activos. A medida que actúa, la mascarilla se vuelve más fina y transparente, indicando que la piel ha absorbido sus beneficios.</p>
<p data-start="1265" data-end="1494">Proporciona un efecto refrescante inmediato, hidrata en profundidad y deja la piel más suave, jugosa y luminosa. Es ideal tanto como tratamiento intensivo como para momentos en los que la piel necesita un extra de cuidado y glow.</p>
<p data-start="1496" data-end="1526">✨ <strong data-start="1498" data-end="1524">Beneficis principals</strong></p>
<ul data-start="1527" data-end="1907">
<li data-section-id="1jotsfm" data-start="1527" data-end="1579">Aporta <strong data-start="1536" data-end="1551">lluminositat</strong> y efecto glow progresivo.</li>
<li data-section-id="xnt0b4" data-start="1580" data-end="1629">Formulada amb <strong data-start="1596" data-end="1612">ácido kójico</strong> i <strong data-start="1615" data-end="1626">cúrcuma</strong>.</li>
<li data-section-id="1xsi3i5" data-start="1630" data-end="1679">Mejora el tono desigual y el aspecto apagado.</li>
<li data-section-id="14yzueg" data-start="1680" data-end="1749"><strong data-start="1682" data-end="1714">Mascarilla de larga duración</strong> para mayor absorción de activos.</li>
<li data-section-id="xp001f" data-start="1750" data-end="1798">Hidratación profunda con efecto refrescante.</li>
<li data-section-id="1qbmtsi" data-start="1799" data-end="1858">Textura hidrogel que se adapta perfectamente al rostro.</li>
<li data-section-id="tsaa6u" data-start="1859" data-end="1907">Ideal como tratamiento intensivo o pre-evento.</li>
</ul>
<p data-start="1909" data-end="1932"><strong data-start="1915" data-end="1930">Ús d&#039;ús</strong></p>
<ol data-start="1933" data-end="2276">
<li data-section-id="1untpxm" data-start="1933" data-end="1976">Aplicar sobre el rostro limpio y seco.</li>
<li data-section-id="1rq8xwy" data-start="1977" data-end="2023">Ajustar correctamente al contorno facial.</li>
<li data-section-id="70zmlb" data-start="2024" data-end="2121">Dejar actuar <strong data-start="2040" data-end="2060">mínimo 1–2 horas</strong> o hasta que la mascarilla se vuelva más fina/transparente.</li>
<li data-section-id="1xte15r" data-start="2122" data-end="2183">Retirar y masajear el exceso de esencia si es necesario.</li>
<li data-section-id="vs0tf" data-start="2184" data-end="2276"><strong data-start="2187" data-end="2195">Tipus:</strong> también puedes usarla durante <strong data-start="2226" data-end="2245">3–4 horas o más</strong> para un tratamiento intensivo.</li>
</ol>

<p>Mascarilla hidrogel de <strong data-start="2327" data-end="2345">larga duración</strong> con ácido kójico y cúrcuma que ilumina, hidrata y mejora el tono dejando la piel radiante.</p>
<p data-start="2278" data-end="2464"><strong data-start="2443" data-end="2462">Tipus de pells:</strong></p>
<ul data-start="2465" data-end="2524">
<li data-section-id="1if3fgt" data-start="2465" data-end="2477">Normals</li>
<li data-section-id="1vem20f" data-start="2478" data-end="2487">Seques</li>
<li data-section-id="1koqes2" data-start="2488" data-end="2498">Mixtes</li>
<li data-section-id="z4uedu" data-start="2499" data-end="2512">Sensibles</li>
</ul>
