{"id":10424,"date":"2026-01-21T16:11:31","date_gmt":"2026-01-21T15:11:31","guid":{"rendered":"https:\/\/badaskin.com\/?post_type=product&#038;p=10424"},"modified":"2026-08-31T01:16:52","modified_gmt":"2026-08-30T23:16:52","slug":"dr-althea-345-relief-cream-50ml","status":"publish","type":"product","link":"https:\/\/badaskin.com\/ca\/producte\/dr-althea-345-relief-cream-50ml\/","title":{"rendered":"DR. ALTHEA \u2013 345 Relief Cream \u2013 50ml"},"content":{"rendered":"<p data-start=\"46\" data-end=\"453\">La <strong data-start=\"76\" data-end=\"96\">345 Relief Cream<\/strong> de Dr. Althea \u00e9s una crema calmant i reparadora formulada espec\u00edficament per <strong data-start=\"177\" data-end=\"228\">alleujar la pell sensible, irritada o debilitada<\/strong>, ajudant a restaurar lequilibri i el confort diari. El seu nom fa refer\u00e8ncia al complex calmant. <strong data-start=\"335\" data-end=\"344\">3-4-5<\/strong>, una combinaci\u00f3 equilibrada d&#039;ingredients pensats per calmar, hidratar i refor\u00e7ar la barrera cut\u00e0nia.<\/p>\n<p data-start=\"455\" data-end=\"820\">La f\u00f3rmula cont\u00e9 actius calmants i humectants com <strong data-start=\"512\" data-end=\"533\">Centella Asiatica<\/strong>, <strong data-start=\"535\" data-end=\"547\">pantenol<\/strong>, <strong data-start=\"549\" data-end=\"562\">ceramides<\/strong> i <strong data-start=\"565\" data-end=\"586\">\u00e0cid hialur\u00f2nic<\/strong>, que treballen en conjunt per reduir la sensaci\u00f3 de tibantor, millorar la resist\u00e8ncia de la pell i mantenir una hidrataci\u00f3 estable. La textura \u00e9s cremosa per\u00f2 lleugera, s&#039;absorbeix amb facilitat i no deixa sensaci\u00f3 pesada ni greixosa.<\/p>\n<p data-start=\"822\" data-end=\"1107\">\u00c9s una crema ideal per utilitzar di\u00e0riament, tant de dia com de nit, especialment en rutines enfocades a la <strong data-start=\"929\" data-end=\"956\">recuperaci\u00f3 de la pell<\/strong>, despr\u00e9s de tractaments actius o en moments de sensibilitat. La pell se sent m\u00e9s calmada, suau i visiblement equilibrada amb l\u00fas continuat.<\/p>\n<p data-start=\"1109\" data-end=\"1139\">\u2728 <strong data-start=\"1111\" data-end=\"1137\">Beneficis principals<\/strong><\/p>\n<ul data-start=\"1140\" data-end=\"1450\">\n<li data-start=\"1140\" data-end=\"1178\">\n<p data-start=\"1142\" data-end=\"1178\">Calma la pell sensible i irritada.<\/p>\n<\/li>\n<li data-start=\"1179\" data-end=\"1223\">\n<p data-start=\"1181\" data-end=\"1223\">Ajuda a <strong data-start=\"1189\" data-end=\"1220\">refor\u00e7ar la barrera cut\u00e0nia<\/strong>.<\/p>\n<\/li>\n<li data-start=\"1224\" data-end=\"1276\">\n<p data-start=\"1226\" data-end=\"1276\">Aporta hidrataci\u00f3 duradora sense sensaci\u00f3 de greix.<\/p>\n<\/li>\n<li data-start=\"1277\" data-end=\"1320\">\n<p data-start=\"1279\" data-end=\"1320\">Redueix la tibantor i l&#039;envermelliment.<\/p>\n<\/li>\n<li data-start=\"1321\" data-end=\"1368\">\n<p data-start=\"1323\" data-end=\"1368\">Millora la suavitat i confort de la pell.<\/p>\n<\/li>\n<li data-start=\"1369\" data-end=\"1410\">\n<p data-start=\"1371\" data-end=\"1410\">Textura lleugera i de r\u00e0pida absorci\u00f3.<\/p>\n<\/li>\n<li data-start=\"1411\" data-end=\"1450\">\n<p data-start=\"1413\" data-end=\"1450\">Apta per a \u00fas diari, mat\u00ed i nit.<\/p>\n<\/li>\n<\/ul>\n<p data-start=\"1452\" data-end=\"1475\"><strong data-start=\"1458\" data-end=\"1473\">\u00das d&#039;\u00fas<\/strong><\/p>\n<ol data-start=\"1476\" data-end=\"1780\">\n<li data-start=\"1476\" data-end=\"1562\">\n<p data-start=\"1479\" data-end=\"1562\">Aplica una quantitat adequada sobre rostre i coll com a darrer pas de la rutina.<\/p>\n<\/li>\n<li data-start=\"1563\" data-end=\"1615\">\n<p data-start=\"1566\" data-end=\"1615\">Massatge suaument fins a la seva completa absorci\u00f3.<\/p>\n<\/li>\n<li data-start=\"1616\" data-end=\"1677\">\n<p data-start=\"1619\" data-end=\"1677\">Fes-la servir mat\u00ed i\/o nit segons les necessitats de la teva pell.<\/p>\n<\/li>\n<li data-start=\"1678\" data-end=\"1780\">\n<p data-start=\"1681\" data-end=\"1780\"><strong data-start=\"1681\" data-end=\"1689\">Tipus:<\/strong> ideal per combinar amb actius m\u00e9s potents o despr\u00e9s d&#039;exfoliants per calmar la pell.<\/p>\n<\/li>\n<\/ol>","protected":false},"excerpt":{"rendered":"<p data-start=\"1782\" data-end=\"1968\">Crema calmant i reparadora que hidrata, refor\u00e7a la barrera cut\u00e0nia i alleuja la pell sensible amb una textura lleugera i confortable.<\/p>\n<p data-start=\"1782\" data-end=\"1968\"><strong data-start=\"1947\" data-end=\"1966\">Tipus de pells:<\/strong><\/p>\n<ul>\n<li data-start=\"1782\" data-end=\"1968\">Normals<\/li>\n<li data-start=\"1782\" data-end=\"1968\">Seques<\/li>\n<li data-start=\"1782\" data-end=\"1968\">Mixtes<\/li>\n<li data-start=\"1782\" data-end=\"1968\">Sensibles<\/li>\n<\/ul>","protected":false},"featured_media":10426,"comment_status":"open","ping_status":"closed","template":"","meta":{"site-sidebar-layout":"default","site-content-layout":"","ast-site-content-layout":"default","site-content-style":"default","site-sidebar-style":"default","ast-global-header-display":"","ast-banner-title-visibility":"","ast-main-header-display":"","ast-hfb-above-header-display":"","ast-hfb-below-header-display":"","ast-hfb-mobile-header-display":"","site-post-title":"","ast-breadcrumbs-content":"","ast-featured-img":"","footer-sml-layout":"","theme-transparent-header-meta":"default","adv-header-id-meta":"","stick-header-meta":"","header-above-stick-meta":"","header-main-stick-meta":"","header-below-stick-meta":"","astra-migrate-meta-layouts":"set","ast-page-background-enabled":"default","ast-page-background-meta":{"desktop":{"background-color":"","background-image":"","background-repeat":"repeat","background-position":"center center","background-size":"auto","background-attachment":"scroll","background-type":"","background-media":"","overlay-type":"","overlay-color":"","overlay-opacity":"","overlay-gradient":""},"tablet":{"background-color":"","background-image":"","background-repeat":"repeat","background-position":"center center","background-size":"auto","background-attachment":"scroll","background-type":"","background-media":"","overlay-type":"","overlay-color":"","overlay-opacity":"","overlay-gradient":""},"mobile":{"background-color":"","background-image":"","background-repeat":"repeat","background-position":"center center","background-size":"auto","background-attachment":"scroll","background-type":"","background-media":"","overlay-type":"","overlay-color":"","overlay-opacity":"","overlay-gradient":""}},"ast-content-background-meta":{"desktop":{"background-color":"var(--ast-global-color-5)","background-image":"","background-repeat":"repeat","background-position":"center center","background-size":"auto","background-attachment":"scroll","background-type":"","background-media":"","overlay-type":"","overlay-color":"","overlay-opacity":"","overlay-gradient":""},"tablet":{"background-color":"var(--ast-global-color-5)","background-image":"","background-repeat":"repeat","background-position":"center center","background-size":"auto","background-attachment":"scroll","background-type":"","background-media":"","overlay-type":"","overlay-color":"","overlay-opacity":"","overlay-gradient":""},"mobile":{"background-color":"var(--ast-global-color-5)","background-image":"","background-repeat":"repeat","background-position":"center center","background-size":"auto","background-attachment":"scroll","background-type":"","background-media":"","overlay-type":"","overlay-color":"","overlay-opacity":"","overlay-gradient":""}}},"product_brand":[145],"product_cat":[40],"product_tag":[146,46,147,85,148,49],"class_list":{"0":"post-10424","1":"product","2":"type-product","3":"status-publish","4":"has-post-thumbnail","6":"product_brand-dr-althea","7":"product_cat-cremas-faciales","8":"product_tag-345-relief-cream","9":"product_tag-centella-asiatica","10":"product_tag-dr-althea","11":"product_tag-hidratacion","12":"product_tag-pantenol","13":"product_tag-piel-sensible","14":"pa_necesidad-especifica-deshidratacion","15":"pa_necesidad-especifica-irritacion","16":"pa_necesidad-especifica-opacidad","17":"pa_skin-type-mixta","18":"pa_skin-type-normal","19":"pa_skin-type-seca","20":"pa_skin-type-sensible","21":"desktop-align-center","22":"tablet-align-center","23":"mobile-align-center","25":"first","26":"instock","27":"sale","28":"taxable","29":"shipping-taxable","30":"purchasable","31":"product-type-simple"},"_links":{"self":[{"href":"https:\/\/badaskin.com\/ca\/wp-json\/wp\/v2\/product\/10424","targetHints":{"allow":["GET"]}}],"collection":[{"href":"https:\/\/badaskin.com\/ca\/wp-json\/wp\/v2\/product"}],"about":[{"href":"https:\/\/badaskin.com\/ca\/wp-json\/wp\/v2\/types\/product"}],"replies":[{"embeddable":true,"href":"https:\/\/badaskin.com\/ca\/wp-json\/wp\/v2\/comments?post=10424"}],"wp:featuredmedia":[{"embeddable":true,"href":"https:\/\/badaskin.com\/ca\/wp-json\/wp\/v2\/media\/10426"}],"wp:attachment":[{"href":"https:\/\/badaskin.com\/ca\/wp-json\/wp\/v2\/media?parent=10424"}],"wp:term":[{"taxonomy":"product_brand","embeddable":true,"href":"https:\/\/badaskin.com\/ca\/wp-json\/wp\/v2\/product_brand?post=10424"},{"taxonomy":"product_cat","embeddable":true,"href":"https:\/\/badaskin.com\/ca\/wp-json\/wp\/v2\/product_cat?post=10424"},{"taxonomy":"product_tag","embeddable":true,"href":"https:\/\/badaskin.com\/ca\/wp-json\/wp\/v2\/product_tag?post=10424"}],"curies":[{"name":"wp","href":"https:\/\/api.w.org\/{rel}","templated":true}]}}

<p data-start="46" data-end="453">La <strong data-start="76" data-end="96">345 Relief Cream</strong> de Dr. Althea és una crema calmant i reparadora formulada específicament per <strong data-start="177" data-end="228">alleujar la pell sensible, irritada o debilitada</strong>, ajudant a restaurar lequilibri i el confort diari. El seu nom fa referència al complex calmant. <strong data-start="335" data-end="344">3-4-5</strong>, una combinació equilibrada d&#039;ingredients pensats per calmar, hidratar i reforçar la barrera cutània.</p>
<p data-start="455" data-end="820">La fórmula conté actius calmants i humectants com <strong data-start="512" data-end="533">Centella Asiatica</strong>, <strong data-start="535" data-end="547">pantenol</strong>, <strong data-start="549" data-end="562">ceramides</strong> i <strong data-start="565" data-end="586">àcid hialurònic</strong>, que treballen en conjunt per reduir la sensació de tibantor, millorar la resistència de la pell i mantenir una hidratació estable. La textura és cremosa però lleugera, s&#039;absorbeix amb facilitat i no deixa sensació pesada ni greixosa.</p>
<p data-start="822" data-end="1107">És una crema ideal per utilitzar diàriament, tant de dia com de nit, especialment en rutines enfocades a la <strong data-start="929" data-end="956">recuperació de la pell</strong>, després de tractaments actius o en moments de sensibilitat. La pell se sent més calmada, suau i visiblement equilibrada amb lús continuat.</p>
<p data-start="1109" data-end="1139">✨ <strong data-start="1111" data-end="1137">Beneficis principals</strong></p>
<ul data-start="1140" data-end="1450">
<li data-start="1140" data-end="1178">
<p data-start="1142" data-end="1178">Calma la pell sensible i irritada.</p>
</li>
<li data-start="1179" data-end="1223">
<p data-start="1181" data-end="1223">Ajuda a <strong data-start="1189" data-end="1220">reforçar la barrera cutània</strong>.</p>
</li>
<li data-start="1224" data-end="1276">
<p data-start="1226" data-end="1276">Aporta hidratació duradora sense sensació de greix.</p>
</li>
<li data-start="1277" data-end="1320">
<p data-start="1279" data-end="1320">Redueix la tibantor i l&#039;envermelliment.</p>
</li>
<li data-start="1321" data-end="1368">
<p data-start="1323" data-end="1368">Millora la suavitat i confort de la pell.</p>
</li>
<li data-start="1369" data-end="1410">
<p data-start="1371" data-end="1410">Textura lleugera i de ràpida absorció.</p>
</li>
<li data-start="1411" data-end="1450">
<p data-start="1413" data-end="1450">Apta per a ús diari, matí i nit.</p>
</li>
</ul>
<p data-start="1452" data-end="1475"><strong data-start="1458" data-end="1473">Ús d&#039;ús</strong></p>
<ol data-start="1476" data-end="1780">
<li data-start="1476" data-end="1562">
<p data-start="1479" data-end="1562">Aplica una quantitat adequada sobre rostre i coll com a darrer pas de la rutina.</p>
</li>
<li data-start="1563" data-end="1615">
<p data-start="1566" data-end="1615">Massatge suaument fins a la seva completa absorció.</p>
</li>
<li data-start="1616" data-end="1677">
<p data-start="1619" data-end="1677">Fes-la servir matí i/o nit segons les necessitats de la teva pell.</p>
</li>
<li data-start="1678" data-end="1780">
<p data-start="1681" data-end="1780"><strong data-start="1681" data-end="1689">Tipus:</strong> ideal per combinar amb actius més potents o després d&#039;exfoliants per calmar la pell.</p>
</li>
</ol>

<p data-start="1782" data-end="1968">Crema calmant i reparadora que hidrata, reforça la barrera cutània i alleuja la pell sensible amb una textura lleugera i confortable.</p>
<p data-start="1782" data-end="1968"><strong data-start="1947" data-end="1966">Tipus de pells:</strong></p>
<ul>
<li data-start="1782" data-end="1968">Normals</li>
<li data-start="1782" data-end="1968">Seques</li>
<li data-start="1782" data-end="1968">Mixtes</li>
<li data-start="1782" data-end="1968">Sensibles</li>
</ul>
